me factors of 5419?
5419
What are the prime factors of 1355?
5, 271
What are the prime factors of 5807?
5807
List the prime factors of 515.
5, 103
What are the prime factors of 68633?
68633
What are the prime factors of 60278?
2, 30139
List the prime factors of 820.
2, 5, 41
What are the prime factors of 249?
3, 83
List the prime factors of 22588.
2, 5647
What are the prime factors of 34799?
17, 23, 89
List the prime factors of 1057.
7, 151
List the prime factors of 3618.
2, 3, 67
List the prime factors of 2917.
2917
List the prime factors of 350.
2, 5, 7
What are the prime factors of 37360?
2, 5, 467
What are the prime factors of 15476?
2, 53, 73
What are the prime factors of 5848?
2, 17, 43
What are the prime factors of 40257?
3, 7, 71
List the prime factors of 23962.
2, 11981
List the prime factors of 1336.
2, 167
List the prime factors of 911.
911
List the prime factors of 22920.
2, 3, 5, 191
List the prime factors of 118516.
2, 29629
List the prime factors of 3432.
2, 3, 11, 13
List the prime factors of 4844.
2, 7, 173
What are the prime factors of 18198?
2, 3, 337
What are the prime factors of 95485?
5, 13, 113
What are the prime factors of 11381?
19, 599
What are the prime factors of 7436?
2, 11, 13
List the prime factors of 108693.
3, 13, 929
What are the prime factors of 97545?
3, 5, 7, 929
What are the prime factors of 15810?
2, 3, 5, 17, 31
What are the prime factors of 4787?
4787
What are the prime factors of 2864?
2, 179
What are the prime factors of 4413?
3, 1471
List the prime factors of 3720.
2, 3, 5, 31
List the prime factors of 22704.
2, 3, 11, 43
What are the prime factors of 4354?
2, 7, 311
What are the prime factors of 29470?
2, 5, 7, 421
What are the prime factors of 2598?
2, 3, 433
What are the prime factors of 9078?
2, 3, 17, 89
What are the prime factors of 33257?
7, 4751
What are the prime factors of 173?
173
What are the prime factors of 19764?
2, 3, 61
What are the prime factors of 893?
19, 47
List the prime factors of 8580.
2, 3, 5, 11, 13
List the prime factors of 58172.
2, 14543
List the prime factors of 7306.
2, 13, 281
List the prime factors of 17796.
2, 3, 1483
List the prime factors of 106836.
2, 3, 29, 307
What are the prime factors of 114068?
2, 28517
What are the prime factors of 7477?
7477
What are the prime factors of 1220?
2, 5, 61
What are the prime factors of 878?
2, 439
List the prime factors of 408.
2, 3, 17
List the prime factors of 16789.
103, 163
What are the prime factors of 5926?
2, 2963
What are the prime factors of 1305?
3, 5, 29
List the prime factors of 3028.
2, 757
List the prime factors of 30616.
2, 43, 89
What are the prime factors of 1580?
2, 5, 79
What are the prime factors of 1178?
2, 19, 31
List the prime factors of 278.
2, 139
What are the prime factors of 1166?
2, 11, 53
What are the prime factors of 814?
2, 11, 37
List the prime factors of 872.
2, 109
What are the prime factors of 16150?
2, 5, 17, 19
What are the prime factors of 5768?
2, 7, 103
What are the prime factors of 39012?
2, 3, 3251
List the prime factors of 30765.
3, 5, 7, 293
List the prime factors of 2160.
2, 3, 5
List the prime factors of 2912.
2, 7, 13
List the prime factors of 6942.
2, 3, 13, 89
List the prime factors of 6144.
2, 3
List the prime factors of 3351.
3, 1117
List the prime factors of 2007.
3, 223
What are the prime factors of 3712?
2, 29
What are the prime factors of 2966?
2, 1483
List the prime factors of 934.
2, 467
List the prime factors of 5911.
23, 257
What are the prime factors of 21065?
5, 11, 383
What are the prime factors of 5365?
5, 29, 37
What are the prime factors of 52941?
3, 7, 2521
List the prime factors of 770.
2, 5, 7, 11
What are the prime factors of 41340?
2, 3, 5, 13, 53
What are the prime factors of 627?
3, 11, 19
List the prime factors of 3386.
2, 1693
List the prime factors of 1098.
2, 3, 61
What are the prime factors of 15830?
2, 5, 1583
What are the prime factors of 15961?
11, 1451
List the prime factors of 643.
643
List the prime factors of 428.
2, 107
List the prime factors of 112.
2, 7
List the prime factors of 14033.
14033
List the prime factors of 493.
17, 29
What are the prime factors of 31182?
2, 3, 5197
List the prime factors of 1997.
1997
What are the prime factors of 1338?
2, 3, 223
List the prime factors of 22153.
22153
What are the prime factors of 21659?
11, 179
List the prime factors of 4557.
3, 7, 31
What are the prime factors of 1580?
2, 5, 79
What are the prime factors of 8172?
2, 3, 227
List the prime factors of 38279.
101, 379
What are the prime factors of 1633?
23, 71
List the prime factors of 21344.
2, 23, 29
List the prime factors of 819.
3, 7, 13
List the prime factors of 42780.
2, 3, 5, 23, 31
List the prime factors of 6557.
79, 83
What are the prime factors of 23846?
2, 11923
What are the prime factors of 23651?
67, 353
List the prime factors of 41519.
41519
What are the prime factors of 27510?
2, 3, 5, 7, 131
What are the prime factors of 24940?
2, 5, 29, 43
What are the prime factors of 2412?
2, 3, 67
What are the prime factors of 10044?
2, 3, 31
List the prime factors of 17264.
2, 13, 83
What are the prime factors of 57146?
2, 28573
List the prime factors of 86406.
2, 3, 14401
What are the prime factors of 34102?
2, 17, 59
What are the prime factors of 22398?
2, 3, 3733
What are the prime factors of 876?
2, 3, 73
What are the prime factors of 3509?
11, 29
What are the prime factors of 25402?
2, 13, 977
List the prime factors of 13784.
2, 1723
What are the prime factors of 38654?
2, 7, 11, 251
List the prime factors of 6386.
2, 31, 103
What are the prime factors of 267?
3, 89
List the prime factors of 10000.
2, 5
List the prime factors of 9708.
2, 3, 809
What are the prime factors of 18927?
3, 701
List the prime factors of 233.
233
List the prime factors of 2344.
2, 293
List the prime factors of 140103.
3, 5189
List the prime factors of 1650.
2, 3, 5, 11
List the prime factors of 9472.
2, 37
What are the prime factors of 24274?
2, 53, 229
List the prime factors of 2517.
3, 839
What are the prime factors of 518?
2, 7, 37
What are the prime factors of 2388?
2, 3, 199
What are the prime factors of 2782?
2, 13, 107
What are the prime factors of 10284?
2, 3, 857
What are the prime factors of 1964?
2, 491
List the prime factors of 47640.
2, 3, 5, 397
What are the prime factors of 7731?
3, 859
What are the prime factors of 81848?
2, 13, 787
What are the prime factors of 21472?
2, 11, 61
List the prime factors of 7475.
5, 13, 23
What are the prime factors of 616?
2, 7, 11
What are the prime factors of 12?
2, 3
List the prime factors of 11103.
3, 3701
What are the prime factors of 35?
5, 7
What are the prime factors of 252?
2, 3, 7
List the prime factors of 33204.
2, 3, 2767
List the prime factors of 6878.
2, 19, 181
What are the prime factors of 17572?
2, 23, 191
List the prime factors of 26936.
2, 7, 13, 37
List the prime factors of 72487.
173, 419
List the prime factors of 1781.
13, 137
What are the prime factors of 411?
3, 137
What are the prime factors of 3893?
17, 229
What are the prime factors of 15763?
11, 1433
What are the prime factors of 5027?
11, 457
List the prime factors of 37835.
5, 7, 23, 47
What are the prime factors of 62065?
5, 12413
List the prime factors of 1095.
3, 5, 73
List the prime factors of 4952.
2, 619
List the prime factors of 3995.
5, 17, 47
What are the prime factors of 545?
5, 109
What are the prime factors of 3229?
3229
List the prime factors of 2477.
2477
What are the prime factors of 14787?
3, 31, 53
What are the prime factors of 1446?
2, 3, 241
What are the prime factors of 29337?
3, 7, 11, 127
What are the prime factors of 3671?
3671
List the prime factors of 112667.
61, 1847
What are the prime factors of 28107?
3, 347
What are the prime factors of 453?
3, 151
List the prime factors of 1689.
3, 563
What are the prime factors of 41?
41
What are the prime factors of 552?
2, 3, 23
What are the prime factors of 1497?
3, 499
List the prime factors of 807.
3, 269
List the prime factors of 51199.
51199
What are the prime factors of 515?
5, 103
What are the prime factors of 9735?
3, 5, 11, 59
What are the prime factors of 920?
2, 5, 23
What are the prime factors of 11255?
5, 2251
What are the prime factors of 17241?
3, 7, 821